6/36*-9. Let q = r + o. Is q composite?
False
Suppose 5*m - 134 = -f + 166, 2*m + 2*f = 128. Suppose -5*r - 9 = -m. Is (526/r)/(1/5) a composite number?
False
Let p be (39396/5 - 3) + (-1)/5. Suppose 4*y + 512 = p. Suppose 7*v + 0*v - y = 0. Is v composite?
False
Let u = 11735 - -5726. Is u prime?
False
Suppose -4*z - 154 = -2*y, -z + 4*y + y - 25 = 0. Is (-1839808)/z + 1/(-5) composite?
True
Suppose -14*m - 130 = 206. Let a = -22 - m. Suppose -3*f - 6301 = -3*i - a*i, 0 = i + f - 1257. Is i composite?
False
Let r = -23915 + 12121. Is -2*(4 - 60/16)*r a prime number?
True
Let p(x) = x**3 - 10*x**2 - 3*x + 11. Let o = 40 - 26. Let v be p(o). Suppose -3*i + 6*i - v = 0. Is i prime?
True
Suppose 86600 = q + 3*p, -85*q + 346350 = -81*q + 2*p. Is q a prime number?
False
Let h = -438 - 1076. Let r = h - -3075. Is r composite?
True
Let w(o) = 2822*o**2 - 3*o + 11. Is w(4) composite?
True
Suppose 188 - 38 = 25*o. Suppose z - 3718 = -5*h, 7*z = o*z + 3. Is h prime?
True
Let g(s) = -8*s**2 + s - 9. Let c be g(8). Let h be (2 + (-1122)/(-21))*14. Let b = c + h. Is b composite?
False
Let l(n) = -8*n**2 - 76*n + 46919. Is l(0) prime?
True
Suppose 0 = 96*b - 162*b + 2238126. Is b prime?
True
Suppose -w - 7*w + 16 = 0. Let g be 2/6 - (w - 12/(-9)). Is (-907)/(0 + -2 + (-2 - g)) a prime number?
True
Is 31059 + -1 + (-10 - (3 - 1 - 5)) composite?
False
Suppose 9*j = 11*j - 194. Let v = j + -77. Is -2 - (-44)/v - 24852/(-15) composite?
False
Is 54762/(-2)*(-41 + 38 + (-2)/(-3)) a composite number?
True
Let l(p) = 6*p - 57. Let j be l(10). Suppose 3*r = 3*h + 6163 + 2441, -2*r - j*h = -5726. Is r a composite number?
True
Suppose 11*g = 2*g + 500555 + 90232. Is g composite?
True
Let x = -52 + 47. Let d be ((-3)/(x - 1))/(2/(-8)). Is 1*(2096 + (-1 + d)*-1) prime?
True
Suppose -93*d - 75 = -108*d. Let r(k) = 19*k**2 + k - 22. Let w(b) = 18*b**2 - 23. Let z(x) = 4*r(x) - 3*w(x). Is z(d) prime?
False
Let a be -5 + -3*(-1844)/6. Let c = a + 1186. Is c a prime number?
False
Suppose -j + 395722 = -208685. Is j/51 - (-5)/(85/(-2)) composite?
True
Let r be 60/(-14) + 8/28. Let t(d) be the second derivative of -14*d**3 - 7*d**2/2 - 6*d. Is t(r) composite?
True
Suppose 134*b - 141*b = -88431. Suppose -3*h = -12894 - b. Is h composite?
True
Let d = -71827 - -115484. Is d composite?
True
Let f be (1/2 - 1/2)/(-4). Suppose 2540 = -2*g - f*g + 4*u, 2*u + 2558 = -2*g. Let k = g + 2387. Is k prime?
False
Let h = -71402 - -156613. Suppose -3*g - 2*p = -h, -3*p + 10245 + 18161 = g. Is g prime?
True
Let l be (-279)/(-6)*(-6)/(-9). Let r = l - 28. Is (-444)/(-1) + (0 - 3)/r a prime number?
True
Let x = 45 + -42. Suppose 12 = -5*o + p, 0 = x*o - 2*o - 2*p + 6. Let r(b) = 450*b**2 + 3*b + 1. Is r(o) a prime number?
False
Let p be 2/(-2*6/(-12)). Suppose -5*d + 2*u - 4*u + 793 = 0, p*d + 3*u - 315 = 0. Is d composite?
True
Suppose 0*n + 16 = 4*n. Let l be 11 + -8 + n/2. Suppose 0 = 3*g + 4*t - 2077, l*g + 4*t = 7*t + 3452. Is g a composite number?
False
Let r be 5/((-20)/(-8)) - 130116/(-14). Let b = 13407 - r. Is b prime?
True
Is ((-5)/(-45))/(17/8011199) - 4/(-18) composite?
False
Suppose 6*u - 652137 = 65841. Is u prime?
False
Suppose 6 = -3*l - 6. Let f be ((-21)/(-7))/(6/l). Is -3 - 113/f*4 a composite number?
False
Is 297174*(705/90 - 6) a prime number?
False
Let a = -10 + 14. Let i be (-6)/9*-75 - (a - 2). Is 122*1/2 - i/16 composite?
True
Let u(d) = d**2 - 18*d - 17. Let m be u(-1). Suppose 0 = -2*p - 5*j + 19705, 5*j - m*j = -p + 9850. Is p composite?
True
Let c be 1218/(-63) + (-4)/6. Let f(q) = q**3 + 25*q**2 + 23*q - 41. Is f(c) a prime number?
True
Let f = -12 + 14. Let v(x) = -507 - 2*x + 502 - f*x. Is v(-10) prime?
False
Let d = 264374 - 172932. Suppose -4*v = 2*m - d, -5*v + 0*m + 114340 = -5*m. Is v a composite number?
True
Suppose 14*v = 47807 + 69443. Suppose 2*y - v = -713. Is y composite?
True
Let y(u) = -4631*u + 1890. Is y(-11) a composite number?
True
Is 33736459/(-94)*(-7 - (-20)/4) prime?
True
Let m be ((-8)/12*-188)/((-1)/3). Let d = 206 - m. Suppose 4*n + 348 - 1524 = -4*y, 0 = -2*y + 4*n + d. Is y a composite number?
False
Suppose 5*z + 14 = -2*s, 2 + 8 = -z + 2*s. Is -201*19229/(-147) - z/14 a composite number?
False
Let p be (-114)/(-3) + (-2)/(-2). Let r(y) = y**3 - 35*y**2 + 7*y + 26. Is r(p) composite?
True
Let n(c) be the first derivative of 1/4*c**4 - 4*c**3 + 8*c**2 - 29 - 15*c. Is n(12) prime?
False
Is 14/((-31)/(38073208/(-16))) prime?
False
Suppose -14*h = 16*h - 6*h. Suppose 0 = -2*j - 10, h = -2*o - 4*j + 19466. Is o a prime number?
True
Is (-1 + 10)/3*(-29 - (-2512104)/63) a composite number?
True
Let n(q) = 228*q**3 - 8*q**2 + 48*q + 13. Is n(6) composite?
False
Let z = 123698 - 82971. Is z composite?
True
Let h(i) = -83*i**3 + 19*i**2 - 46*i - 39. Is h(-8) a prime number?
True
Let n = 1199 + -1991. Suppose -v + 4682 = -0*o + 4*o, -3*v = 4*o - 4678. Let t = n + o. Is t prime?
True
Is 7 + 2978660/80 + 6/8 a composite number?
True
Let z(j) = -27*j**2 - 11*j + 3. Let c be z(-10). Let a = 2492 - c. Suppose 28*x - 25*x - a = 0. Is x composite?
False
Let o(c) be the second derivative of 83*c**3/6 + 14*c**2 + c. Let n(z) = z**3 + 22*z**2 - 10*z - 209. Let h be n(-22). Is o(h) a composite number?
False
Suppose -v = -3*o + 18272 - 55972, 5*v = -2*o - 25156. Let a = o + 25961. Is a a composite number?
True
Suppose 2*l + 4103 = 3*l. Suppose 3*b - l = 2803. Suppose 0 = -q - q + b. Is q composite?
False
Suppose -8*i - 4*v + 2783352 = 0, 27*i - 5*v - 347963 = 26*i. Is i a prime number?
False
Suppose z + 22 = -3*u, -5*u = 2*z + 38 - 1. Let h(r) = 209*r**2 - 2*r - 34. Is h(u) prime?
False
Let a be (-18)/27*3/(-2). Let q(o) = -2*o**2 + o + 1. Let c be q(a). Suppose 4*w + c*p - 836 = -4*p, -w + 3*p + 229 = 0. Is w a composite number?
True
Let w(p) = -841*p + 6. Let u be w(1). Let d = u - -1212. Is d a composite number?
True
Let b be (-5)/15 - (-13)/3. Let z be (5 - 1) + b/(0 - 4). Suppose -3*h - h = 4*w - 22568, w = -z*h + 5648. Is w prime?
True
Suppose 0 = 6*z + 11 - 59. Suppose -1330 = -z*b - 314. Is b a prime number?
True
Is (-120)/18 - 2/6 - -27368 prime?
True
Suppose -1064*g - 816471 = -4*j - 1063*g, -4*g = -20. Is j prime?
False
Let h = 2911036 - 1841535. Is h a prime number?
True
Let f(g) = -g + 11. Let d be f(5). Suppose 0*t = -6*t + d. Is 5/(25/(-15)) + (707 - t) a composite number?
True
Let v = 44091 + -21748. Is v composite?
False
Let t be (-46)/(-184) + 2 + (-97)/4. Is 693/t*-13 + 1/(-2) a composite number?
False
Is ((-52800)/9 - 2)/((-23)/((-6348)/(-8))) a prime number?
False
Let j(s) be the second derivative of 5*s**4/12 + s**3/3 + 3*s**2/2 + 18*s. Let a be j(-1). Is 2/6*(207 + a) composite?
False
Suppose 2*b - 12 = -b. Suppose -5*x = q + 23, 2*x - 8 = b*q + x. Is q*1*(-10 + -717) a prime number?
False
Let h(f) = -241*f - 13. Suppose -3*d + 9 = 5*s - 0, -4*s + 20 = -4*d. Let u be h(s). Let p = -425 - u. Is p composite?
False
Suppose 2*s = -26 + 36, 5*s = -12*z + 2082421. Is z prime?
False
Let a be -24*((-513)/36 + 0). Suppose 3*m + 8588 - 3251 = 4*l, 5*l - 3*m = 6672. Let c = l - a. Is c composite?
True
Suppose -2*s + 1 = y, -4*y - 3*s = -7 - 2. Suppose -4*l + 1301 + 718 = -m, -y*m = l - 508. Is l composite?
True
Let q = 17 - 11. Suppose 9*n - 26175 = -q*n. Is n a composite number?
True
Let q(i) = -4*i + 24. Let x be q(4). Suppose z - x*w - 15371 = -3*w, 2*w - 8 = 0. Is z a composite number?
False
Suppose -4634 + 219 = -5*q. Suppose 3566 = 4*v + 2*y, 0*v = -5*v + 3*y + 4452. Suppose 5*z + q = 2*j + j, -3*j + 3*z + v = 0. Is j prime?
False
Suppose 10*q = -3*q. Let d(v) = -v**3 + 2*v**2 - 4. Let k be d(q). Is (k/(-10))/((-2)/(-545)) a prime number?
True
Let a(c) = -c. Let j be a(-2). Let n be 3/(-15) + 14987/35. Suppose 0*z - 2 = -z, -j*v + n = 5*z. Is v composite?
True
Let d(q) = -2*q**2 + 8*q + 2. Let r be d(4). Suppose 4 = 5*m - 2*f + 5*f, 0 = f + r. Suppose m*o + 51 = 3*o. Is o a composite number?
True
Let y(h) = 4*h - 19. Let l be y(6). Suppose 2*b - 5*b + 4346 = -l*f, 3*f - 4386 = -3*b. Is b composite?
True
Let y(x) be the first derivative of -5*x**4/4 - x**3/3 - 21*x**2/2 + x - 113. Is y(-7) prime?
False
Is ((-10)/5)/(((-140)/340790)/7) a prime number?
False
Suppose 18 + 2 = 4*r. Suppose -3 = d - r. Let c(l) = 391*l + 3. Is c(d) a prime 